 base 3
-2210102112212
1c36a9 (base 14) to base 2
11110110001011110101
48103 (base 14) to base 6
3433543
What is 213255 (base 6) in base 10?
17603
Convert 12221021120 (base 3) to base 13.
41250
444263 (base 11) to base 7
6010213
-123120100220 (base 4) to base 14
-d4b892
561041 (base 8) to base 9
317176
What is 331404 (base 5) in base 8?
26327
-10635144 (base 7) to base 2
-11100011111000001000
What is -1a4a1 (base 12) in base 4?
-21130321
Convert -5e97f6 (base 16) to base 2.
-10111101001011111110110
-237151 (base 8) to base 4
-103321221
Convert 113333220033 (base 4) to base 8.
27775017
633361 (base 9) to base 14
9b2a2
675aba (base 13) to base 9
4528671
Convert b556 (base 16) to base 12.
22a46
Convert -10001101011111100000010 (base 2) to base 10.
-4636418
-2132525 (base 6) to base 13
-390b6
Convert -442240130 (base 5) to base 2.
-111010011100010100000
-100110101100000100 (base 2) to base 8
-465404
Convert -310032132 (base 4) to base 14.
-57d5c
What is -2a117 (base 12) in base 15?
-126ca
-100120101011022 (base 3) to base 11
-29639a1
What is 810622 (base 11) in base 16?
13e4f7
What is 252446 (base 7) in base 16?
b5c7
110021221002200 (base 3) to base 7
106350504
-1100010110001100111011 (base 2) to base 13
-8942b5
-5219f (base 16) to base 14
-8a7a7
Convert -2332313 (base 6) to base 14.
-321a5
What is -1133213112 (base 4) in base 5?
-100013023
-211133303 (base 4) to base 3
-21210200102
What is 2502342 (base 6) in base 11?
9081a
What is 2615171 (base 8) in base 3?
1100222011212
21002202212 (base 3) to base 11
96043
What is -18a8898 (base 11) in base 3?
-20001111101222
What is -7137437 (base 9) in base 15?
-5022da
What is -647bb (base 13) in base 7?
-1354062
-ae172 (base 15) to base 2
-10000111001101101000
-101110101001110100 (base 2) to base 5
-22103332
Convert -10010001011010001111 (base 2) to base 8.
-2213217
-1011010101001010 (base 2) to base 5
-2441120
What is b584c (base 16) in base 2?
10110101100001001100
What is 1123234 (base 7) in base 5?
13443120
What is 655b5b (base 14) in base 7?
41124344
Convert -21254345 (base 6) to base 11.
-39aaa9
-35868 (base 14) to base 2
-11111111001000100
What is 75bb0 (base 15) in base 14?
9a386
Convert 23f89 (base 16) to base 10.
147337
What is 35431325 (base 7) in base 6?
151100222
What is -10110000011100011101 (base 2) in base 10?
-722717
Convert 1354310 (base 6) to base 9.
127206
-112302321 (base 4) to base 12
-46049
What is 1225278 (base 9) in base 16?
a2bab
-12024034 (base 5) to base 2
-11011001000101000
-1598 (base 12) to base 7
-10322
Convert 11141112 (base 5) to base 8.
302314
11121210021121 (base 3) to base 4
21113222032
23325032 (base 6) to base 5
141224420
-3798a46 (base 12) to base 4
-221211203112
3306447 (base 8) to base 12
369b47
Convert -aedc (base 16) to base 14.
-12456
What is -1100100111011010010 (base 2) in base 12?
-17b296
Convert -127145 (base 8) to base 2.
-1010111001100101
-66bcd (base 16) to base 12
-183639
Convert -25a04 (base 16) to base 4.
-211220010
Convert -3b7d9 (base 16) to base 12.
-b9021
What is -5224041 (base 8) in base 14?
-28141b
2215271 (base 13) to base 3
201122012202012
-64439 (base 13) to base 14
-49cbc
Convert -22b (base 14) to base 12.
-2bb
What is -142a75d (base 15) in base 13?
-302c524
What is -2486a6 (base 15) in base 5?
-421443011
10404130 (base 6) to base 4
1030022112
-33692a (base 12) to base 3
-1112200101021
Convert 1561a8 (base 15) to base 13.
2a232a
What is -134556 (base 8) in base 7?
-255253
212232400 (base 5) to base 9
1620300
What is -2476c (base 16) in base 5?
-14234411
Convert 521025 (base 7) to base 5.
10323244
What is -11101311032 (base 4) in base 2?
-101010001110101001110
What is -129960 (base 11) in base 9?
-340084
What is -15225023 (base 8) in base 11?
-1a6a796
Convert -c54ab6 (base 15) to base 2.
-100011110010011010101010
What is -31344440 (base 5) in base 16?
-4015f
Convert 121111002122 (base 3) to base 4.
1033031330
What is -753881 (base 9) in base 2?
-1101101101000100000
12124042 (base 5) to base 12
56168
What is -137109 (base 12) in base 4?
-1032323121
What is -2701173 (base 8) in base 12?
-304623
-2563d (base 14) to base 6
-1544531
Convert -a5254 (base 11) to base 7.
-1206063
Convert 385811 (base 12) to base 8.
3411115
What is 74a405 (base 12) in base 8?
7016705
-1425665 (base 11) to base 10
-2452499
Convert 400c2 (base 15) to base 10.
202682
What is -322132323 (base 4) in base 12?
-b6763
-3220021102 (base 4) to base 16
-e8252
Convert -3ba54 (base 14) to base 9.
-244251
405 (base 10) to base 14
20d
What is 2045125 (base 7) in base 16?
3c39d
Convert 3416044 (base 8) to base 7.
10600641
What is -21335512 (base 7) in base 13?
-4bb4ac
-18553846 (base 9) to base 13
-1c2ba93
Convert -1959aa4 (base 11) to base 10.
-3307528
Convert -24353330 (base 7) to base 16.
-2148b9
Convert -21302013300 (base 4) to base 2.
-1001110010000111110000
-54504 (base 14) to base 5
-23012130
Convert -948b4 (base 12) to base 6.
-4101544
-350312031 (base 6) to base 8
-30520163
Convert -21202042 (base 6) to base 8.
-2277712
-1a74436 (base 11) to base 4
-31110021211
What is -222a1 (base 11) in base 2?
-111111000101001
-75113 (base 10) to base 13
-2825c
What is -3993 (base 12) in base 3?
-100001010
3661108 (base 10) to base 16
37dd34
-4d20c (base 14) to base 11
-11a611
Convert 459890 (base 11) to base 10.
730455
-697458 (base 14) to base 8
-15551066
Convert -543203140 (base 6) to base 3.
-200012111022020
Convert 20000333202 (base 4) to base 5.
1014214333
Convert -10d30d (base 15) to base 13.
-221c05
8155a4 (base 11) to base 15
1ad418
-9190373 (base 10) to base 11
-5207955
What is -213211030 (base 4) in base 5?
-20141444
Convert 1142865 (base 10) to base 3.
2011001201100
1124401214 (base 5) to base 7
30613553
What is -412500 (base 9) in base 5?
-30311440
a0b2b2 (base 12) to base 5
1120222000
Convert 485067 (base 9) to base 13.
a3117
-152012 (base 15) to base 11
-636877
Convert 857943 (base 11) to base 4.
11032332202
-2110222022 (base 3) to base 15
-e6ee
What is -407653 (base 10) in base 13?
-11371c
Convert 23341031 (base 5) to base 7.
1554143
Convert 234332211 (base 5) to base 10.
1089681
11223 (base 10) to base 4
2233113
-2990867 (base 12) to base 10
-8399311
10001111110010110001011 (base 2) to base 4
101332112023
What is 35690 (base 12) in base 13?
268c8
8410554 (base 10) to base 16
8055ba
Convert -1531150 (base 7) to base 9.
-348111
2a5ab (base 14) to base 2
11001101110111011
What is b1390c (base 15) in base 13?
198883b
What is 400424033 (base 5) in base 10?
1576768
-14310327 (base 10) to base 2
-110110100101101110110111
Convert -1b7597 (base 12) to base 9.
-825857
What is -17bd3 (base 14) in base 6?
-1141341
Convert -4020099 (base 11) to base 2.
-11011001001001101110010
What is -15122105 (base 6) in base 16?
-7ff19
Convert 31422120 (base 5) to base 7.
2146532
12026 (base 9) to base 12
47a3
-7b27 (base 14) to base 2
-101001110010111
-100001002022 (base 3) to base 13
-62cb7
-1421ab8 (base 13) to base 16
-613f15
What is 418922 (base 15) in base 11?
1839a92
Convert 100111000101100110010 (base 2) to base 13.
35aca6
What is 10000011110001010000000 (base 2) in base 3?
22010100221102
Convert 110620 (base 7) to base 11.
13732
a5b22 (base 12) to base 8
651012
-43bbab (base 12) to base 3
-2000210002112
Convert -3211100323 (base 4) to base 6.
-32043311
Convert -904b70 (base 12) to base 4.
-20210312010
What is -7aa94 (base 14) in base 11?
-194251
What is -146139 (base 10) in base 7?
-1146030
What is 1201673 (base 8) in base 12?
13a223
Convert -224658 (base 9) to base 15.
-29d85
-58255 (base 9) to base 6
-455505
-2525348 (base 9) to base 16
-14fbcd
-d9511 (base 16) to base 3
-1200020000202
-424513 (base 7) to base 2
-10001111110111001
What is -14043123 (base 5) in base 14?
-3a44a
-335917 (base 11) to base 8
-2024466
What is -1240442131 (base 5) in base 6?
-145344410
Convert 12220434 (base 5) to base 15.
249e9
244000420 (base 5) to base 9
2152204
-56877 (base 9) to base 10
-37897
12137 (base 14) to base 2
1010110001110101
1018b84 (base 12) to base 6
144435444
Convert 28104882 (base 9) to base 13.
2b4ca11
a7620 (base 16) to base 10
685600
-1010111011111101001000 (base 2) to base 14
-548b8c
Convert 100111000000010000 (base 2) to base 6.
3231344
-1037a56 (base 12) to base 4
-23223200202
-2021